p(j) = -2*j**2 + j + 2. Let a be p(2). Calculate the remainder when 22 is divided by v(a).
2
Suppose 2*b + 5*t - 134 = 0, -23*b + 28*b - 305 = -5*t. Calculate the remainder when 132 is divided by b.
18
Let x(v) = -2*v**2 + 25*v - 6. What is the remainder when 708 is divided by x(7)?
69
Suppose -968 = -4*q + 3*v, v + 778 = 4*q - 190. What is the remainder when q is divided by 35?
32
Suppose 4*o = 800 + 132. Suppose -o = -3*k + 223. What is the remainder when k is divided by 9?
8
Let k be (2 + -3)*(-108)/(-6). Let v = 25 - k. Let z = 92 - v. What is the remainder when z is divided by 17?
15
Let c be (6/(-2) + 4)/(3/24). Suppose -c*l + 182 = -l. Calculate the remainder when l is divided by 10.
6
Let r(s) = -s**3 + 74*s**2 + 231*s + 28. Suppose -2*k = -118 - 48. What is the remainder when k is divided by r(77)?
27
Suppose -138 = -190*s + 188*s. Calculate the remainder when s is divided by 51.
18
Let k = -10 - -5. Let i = k + 12. Let q = 23 + i. Calculate the remainder when 88 is divided by q.
28
Suppose 8400 = -4*o - 3*x, -o + 5*x - 1581 = 496. Let j be o/(-15) - (-2)/10. Suppose 0*r - j = -4*r. Calculate the remainder when r is divided by 12.
11
Let x = 1037 - 933. What is the remainder when x is divided by 94?
10
Let q(p) = p**2 - 26*p + 28. What is the remainder when q(31) is divided by 37?
35
Let b(h) = 3*h**2 + 7*h - 7. What is the remainder when b(-6) is divided by 6?
5
Suppose 99 = -2*z + l, 0 = -3*z - 8*l + 3*l - 116. Let c = z - -81. Calculate the remainder when c is divided by ((-3)/(-1))/(-10 - (-186)/18).
7
Let t be 12*(2/7 + (-2)/(-42)). Let k = 7 - 1. What is the remainder when (-226)/(-3) + t/k is divided by 26?
24
Suppose 3*k - 6 + 9 = 0, -3*k + 121 = 2*c. What is the remainder when 157 is divided by c?
33
What is the remainder when 112 is divided by 40/12*(6 + 0)?
12
Let f(n) = 2*n**2 + 6*n - 14. Let m be f(-11). Suppose -5*h = 2*u - m, -2*u - 76 = h - 3*h. What is the remainder when h is divided by 7?
6
Let s(j) = -3*j**2 + 13*j - j**3 - 7*j + 0 - 1. Let v = -11 - -6. Calculate the remainder when 36 is divided by s(v).
17
Let z = -2065 - -2129. Let x(n) = -8. Let y(o) = o - 9. Let u(q) = 4*x(q) - 3*y(q). What is the remainder when z is divided by u(-6)?
12
Suppose 0 = -47*l + 92*l - 3510. What is the remainder when 182 is divided by l?
26
Let v be (1*2)/(42/(-9) - -5). Suppose -10*w + v*w + 276 = 0. Let n(k) = 12*k. Calculate the remainder when w is divided by n(2).
21
Suppose 3*u - 2*u = -3. Suppose -4*x = -2*k - 60, 8*x = 3*x + 4*k + 75. What is the remainder when x is divided by u - -9 - 3 - -1?
3
Suppose -69*l + 2477 = 62. Calculate the remainder when 239 is divided by l.
29
Let k(x) = 2*x**3 - x**2 + 22*x - 83. What is the remainder when 446 is divided by k(3)?
26
Let c = -331 - -387. Calculate the remainder when c is divided by 20.
16
Suppose -1573 = 53*k - 66*k. Calculate the remainder when 361 is divided by k.
119
Suppose 2*z - 12 = -5*l, 0 = -3*z - l + 13 + 18. Let v = z - -3. Calculate the remainder when 36 is divided by v.
8
What is the remainder when 167 + (-18)/45*-15 is divided by 5?
3
Let x = -26 + 26. Suppose 4*o + 2*o - 258 = x. What is the remainder when o is divided by 16?
11
Let k = 638 + -597. Calculate the remainder when 69 is divided by k.
28
Let n(b) = 2*b**2 - 98*b + 408. What is the remainder when 188 is divided by n(4)?
44
Suppose 180 = 3917*h - 3899*h. What is the remainder when 258 is divided by h?
8
Let p(z) = z**2 - 8*z - 274. Calculate the remainder when p(-15) is divided by 21.
8
Suppose -2*r = 5*g + 62, 3*r + 0 = g + 9. Calculate the remainder when 29 is divided by (44/8)/((-6)/g).
7
Let b be 4/18 - (-440)/(-36). Let n = b + 41. What is the remainder when n is divided by 10?
9
Suppose -6*c + 2*c - 3*o + 219 = 0, 0 = 5*o - 25. Calculate the remainder when 201 is divided by c.
48
Suppose 11*v + 2551 = 2*y + 14*v, 0 = -y + 5*v + 1295. What is the remainder when y is divided by 61?
60
Let j be (-568)/(-2)*(-35)/(-20). Suppose 2*f + 11 = 3*d + j, -f = 4*d + 637. What is the remainder when d/(-6) + 1/3 is divided by 14?
13
Let d(p) = -4*p**2 - 33*p - 7. Let s be d(-8). Calculate the remainder when 3*427/42 + s/(-2) is divided by 8.
6
Let c = -123 - -135. What is the remainder when 33 is divided by c?
9
Suppose 5*l - 4*h = 35, 7*l - 21 = 4*l - h. Suppose -3*q - 25 = -271. What is the remainder when q is divided by l?
5
Let y(r) = 7*r - 32. Calculate the remainder when y(13) is divided by 36.
23
Suppose 2*x + 5*c = 65, 0*x + 115 = 4*x + 5*c. Suppose 2*i + 0 = -y + 13, -2*i - 8 = -2*y. What is the remainder when x is divided by y?
4
Suppose 0 = 5*x - 27 - 258. What is the remainder when x is divided by 23?
11
Let k be (-22)/77 - 33/7. Let d = 2 - k. Suppose 2*n - 4*n = -10. What is the remainder when d is divided by n?
2
Let c = -948 + 1077. Calculate the remainder when c is divided by 26.
25
What is the remainder when (-948)/(-30)*(-4)/(8/(-10)) is divided by 7?
4
Suppose -2*q + 3*t = -431, -4*q - 19*t + 871 = -22*t. Calculate the remainder when q is divided by 56.
52
Let q = -99 - -103. Suppose p - 1 = -m, q*p = 2*m - 17 - 3. What is the remainder when 22 is divided by m?
2
Let h(j) = 41*j + 1. Let k be h(1). Let z = 44 - k. Calculate the remainder when 10 is divided by z.
0
Suppose -16 - 32 = -4*b. Let h(z) = -z**3 - 9*z**2 - 3*z + 11. Let f be h(-10). Suppose 50*y + f = 53*y. Calculate the remainder when y is divided by b.
11
Let t = -1642 - -2755. Calculate the remainder when t is divided by 12.
9
Suppose -4*y + 15 = y. Suppose -7*b + y*b + 148 = 0. Suppose 143 = 9*v + 2*v. Calculate the remainder when b is divided by v.
11
Suppose -4*u = -16 + 4, -3*u = -5*s + 86. What is the remainder when s is divided by 9?
1
Let s(h) = h**2 + 18*h - 5. Suppose l - 66 = 3*z, 2*l + 57 = -3*z - 0*l. Let i be z/14 - 105/6. Calculate the remainder when 67 is divided by s(i).
11
Let u be 4/(2*(-1)/9). Let r = u - -29. Suppose 7*l + 9 = x + 9*l, 0 = -2*l - 10. Calculate the remainder when x is divided by r.
8
What is the remainder when 5*(2/10 + (-2672)/(-80)) is divided by 43?
39
Let g(q) = -q**3 - 8*q**2 + 8*q - 5. Let w be g(-9). Suppose -l = -2*d - 44, -w*l - 3*d = -42 - 112. What is the remainder when l is divided by 7?
5
What is the remainder when (28910/(-392))/((-5)/24) is divided by 73?
62
Let s(c) = c**2 - 4*c - 5. Let v = -14 - -20. Suppose 3*h = -0 + 6. Calculate the remainder when s(v) is divided by h.
1
Suppose -92*r = -105*r + 1495. What is the remainder when r is divided by 7?
3
Let a(b) = -b**3 + 8*b**2 + 10*b - 4. Let m = 28 - 20. Let u be a(m). Suppose -u + 4 = -2*v. What is the remainder when v is divided by 19?
17
Let l(r) = 3*r**2 + 13*r + 122. Calculate the remainder when l(-7) is divided by 18.
16
Let v(g) = 3*g**2 - 9*g + 48. What is the remainder when v(13) is divided by 40?
38
Let r = 57 - -5. Let f = r + -49. What is the remainder when 141 is divided by f?
11
Let c = -5 + 5. Suppose c = -5*a - 25, 3*o + 4*a = o. Calculate the remainder when (-4)/(-16) + ((-1323)/12)/(-3) is divided by o.
7
Let y(s) = 12*s - 1. Let w(n) = n**2 + 10*n + 27. Let r be 4/26 - (-240)/(-39). What is the remainder when y(1) is divided by w(r)?
2
Let r = -12 + 0. Let m = 18 + r. What is the remainder when 8 is divided by m?
2
Let p be (114 - 0) + (-4)/(-2). Suppose p = 4*j - 0. What is the remainder when j is divided by (5 - 0)/(7 + 200/(-30))?
14
Let f(l) = -6*l + 202. Calculate the remainder when f(-4) is divided by 23.
19
Suppose 5*t - 4*g + 26 = 79, 2*t = 3*g + 24. Suppose 0 = -5*c - 32 + 7, 2*j + 54 = -2*c. Let s = 47 + j. What is the remainder when s is divided by t?
7
Let u be ((-4)/(-2))/(14/(-21)). What is the remainder when 38 is divided by 2/(-6) + (-43)/u?
10
Let h = 11 + -19. What is the remainder when (16/(-4))/8*h is divided by 4?
0
Let m(p) = 9*p**2 + 4*p + 20. Let q = 7 + -10. Calculate the remainder when m(q) is divided by 31.
27
Suppose -4*j = 4, 0 = -4*i + 2*i + 3*j + 65. Suppose 60 = -4*n - 2*a, 5*n + 5*a = -31 - 49. Let k = 31 + n. What is the remainder when i is divided by k?
14
Let w = 116 + -109. Suppose a = 3*k - 24, 52 = -2*a - 0*k + 5*k. Calculate the remainder when (-711)/a + 1/4 is divided by w.
6
Let l(m) = m**2 + 12*m + 24. Let d be (4 + 2/2)/1. Let a = d + 0. What is the remainder